3*a. What are the prime factors of a?
11
Let k(w) = -w**2 + 4*w + 1. Let u be k(4). Let s be (-2 - (1 - u)) + 5. Suppose x = s*x - 10. What are the prime factors of x?
5
Let x = 117 + -52. What are the prime factors of x?
5, 13
Suppose 0*v = 3*v + x - 9, 0 = 4*x. Suppose -v*a = -2*a + 13. Let y = a - -23. List the prime factors of y.
2, 5
Let l(f) = -3 - 2 + 0 + 2*f + 2. List the prime factors of l(8).
13
Suppose -2*d - 202 = -3*z, 4*z + 3*d - 271 = 4*d. List the prime factors of z.
2, 17
Suppose 2 + 3 = z. Suppose i + z = 2*i. Suppose 0 = -i*q + 32 + 18. List the prime factors of q.
2, 5
Let k(h) = -h**3 - 10*h**2 + 11*h + 16. Suppose -x - 2 = -4*j - 47, j + 7 = -4*x. List the prime factors of k(j).
2
Let n(a) = 15*a - 58. List the prime factors of n(31).
11, 37
Let y(r) = r**3 + 4*r**2 + r - 1. Suppose 4*i + 12 = -0. Let o be y(i). Suppose -74 = -o*c - 29. What are the prime factors of c?
3
Let d be 1*(1 - (4 - 2)). Let f = -11 + 6. List the prime factors of d*(f - -2) - 1.
2
Suppose 0 = -0*z - 3*z. Suppose z = -q + 11 - 6. Suppose -5*v + 2*h + 14 + 7 = 0, q*v = 3*h + 19. List the prime factors of v.
5
Let l = 32 - 29. List the prime factors of l.
3
List the prime factors of ((-3)/2)/(15/980*-1).
2, 7
Let v = 10 + -2. Let a = v + -6. Let r = a - -3. List the prime factors of r.
5
Let h(l) = -l**3 + 2*l**2 - l + 11. Let a be h(0). Suppose a = 2*r - r. List the prime factors of r.
11
Suppose -5*a + h + 236 = 4*h, 3*a - 141 = -2*h. What are the prime factors of a?
7
Let t = -4 + 7. Suppose -t*k = 2*m - 0*k - 27, 0 = -k - 3. What are the prime factors of m?
2, 3
Let x(f) = 6*f**2 - 2*f - 2. Let u be x(2). Suppose -5*z + 27 = -u. Suppose z = d - 4. What are the prime factors of d?
13
Let i be (6 - 5)/(-2 - -1). Let u(z) = -18*z**3 - 2*z**2 - 2*z - 1. List the prime factors of u(i).
17
Let b(v) = -v**3 + 12*v**2 + 16*v - 25. List the prime factors of b(11).
2, 17
Let f(p) = -p + 21. What are the prime factors of f(-9)?
2, 3, 5
Let h = 106 + 208. List the prime factors of h.
2, 157
Suppose 2*b + 0*b + r = 37, 4*b - r = 89. Let f = -27 + 19. Let y = f + b. What are the prime factors of y?
13
Let d = -35 - -53. List the prime factors of d.
2, 3
Suppose 4*r + 60 = 4. Let i = r - -24. What are the prime factors of i?
2, 5
Let u(s) = 4*s + 0*s**3 - 1 - 2*s**2 - 2*s + 0 + 2*s**3. List the prime factors of u(2).
11
Suppose 7*b = 6*b + 16. What are the prime factors of b?
2
Let m = -20 - -60. List the prime factors of m.
2, 5
Let a(t) be the third derivative of -t**4/12 - t**3/3 + t**2. What are the prime factors of a(-2)?
2
Let f(t) = t. Let u be f(4). Suppose -2*y - y = u*l - 199, 179 = 4*l - y. What are the prime factors of l?
2, 23
Let q(z) = -z**3 + 2*z**2 + 2*z - 5. Let k be q(-4). Suppose 16 = n + 5*b - 18, -5*b = 2*n - k. List the prime factors of n.
7
Let v(z) be the third derivative of z**6/120 - z**5/10 + 7*z**4/24 - 5*z**3/6 + 2*z**2. Let r be v(5). Suppose r*n = 30 - 0. What are the prime factors of n?
2, 3
Let f be -2 + 1 + 2 + -1. What are the prime factors of f - 2 - (-37 + -1)?
2, 3
Suppose 4 = s + 4*w, 2*s - 3*w + 4*w - 1 = 0. Let v = s + 1. What are the prime factors of (v/(-2))/((-5)/50)?
5
Let n = 44 - -12. Let d = n + -30. List the prime factors of d.
2, 13
Let b = 2 - -1. Suppose 5*r + h - 30 = 55, b*h + 49 = 4*r. What are the prime factors of r?
2
Let c = 281 + -60. List the prime factors of c.
13, 17
Let l(u) be the first derivative of u**3/3 - 5*u**2 + 14*u + 2. What are the prime factors of l(10)?
2, 7
Suppose 30 = -3*x + 3. Let l be 30*3/(x/(-2)). Suppose -l = -3*q - q. What are the prime factors of q?
5
Suppose -5*y + 95 = -50. What are the prime factors of y?
29
Let i(m) = -m**3 + 7*m**2 + 6*m - 2. What are the prime factors of i(7)?
2, 5
Let y be (1 - -1)/(10/(-20)). Let t(d) = -8*d + 9. List the prime factors of t(y).
41
What are the prime factors of (-54)/(-8) + (-5)/(-20)?
7
Let a be (-158)/(-8) - (-7)/28. Suppose -44 - a = -4*m. What are the prime factors of m?
2
Let o = -7 + 31. Let x be o/14 - 12/(-42). Suppose 45 = 3*s + x*s. What are the prime factors of s?
3
Let o(p) = p**3 + 7*p**2 + 4*p - 8. Let b be o(-6). List the prime factors of 2/b*2 + 17.
2, 3
Let b = 88 + 90. List the prime factors of b.
2, 89
Let q = -1 + 4. Suppose -2*k + 2*g + 21 - q = 0, 4*k = 2*g + 42. Suppose -3*b + k = -3. What are the prime factors of b?
5
Let j(z) = z**3 + 6*z**2 + z + 3. Let y be (4/(-3))/4*15. List the prime factors of j(y).
23
Let u be 4 - 1 - 6/(-6). Let n = -2 + u. List the prime factors of n.
2
Suppose 2*g + 4*g = 210. What are the prime factors of g?
5, 7
Let j = 3 - -10. Suppose 3*f - 2 = 2*q - j, 0 = -2*q + 2*f + 14. List the prime factors of q + 3/(-1 - 2).
3
List the prime factors of 166/3 - 2/6.
5, 11
Suppose -2*d + 14 = d + 4*i, 5*d + 5*i = 20. Suppose -s = n - 2, 0 = -n - 4*s + d*s - 3. Let y(m) = m**3 - 6*m**2 - 5*m + 1. What are the prime factors of y(n)?
3, 5
Suppose -13*p - 11*p + 6144 = 0. What are the prime factors of p?
2
Let q = 98 + -31. List the prime factors of q.
67
Suppose -63 = -y + 157. List the prime factors of y.
2, 5, 11
Let d = 659 - 307. What are the prime factors of d?
2, 11
Suppose 2*g = -5*u + 8, 3*g - 1 + 12 = 4*u. Suppose a = -7*z + 2*z + 82, u*z + 2*a = 28. List the prime factors of z.
17
Let t(q) = -q**3 - 5*q**2 - 2*q + 6. Suppose -3*l + 4 = -2*s, -9 = 2*s + l + 3. List the prime factors of t(s).
2
Suppose 4*f = i + 22, -5*i + 0 - 5 = f. Suppose f*y = -3*t + 6, 5*y + 3 = 5*t - 7. Let r(x) = 3*x + 1. What are the prime factors of r(t)?
7
Let t(p) = -p**3 - 3*p**2 - 2*p - 2. Let q be t(-3). List the prime factors of (2/(-1))/((-1)/q).
2
Let u(c) = c**3 - 2*c**2 + c. Let r be u(1). Suppose r = -5*a + 13 + 7. Suppose -3*m = -a*i - 2*m + 33, 3*m + 8 = -i. List the prime factors of i.
7
Suppose -w + 3*w = -t + 39, 2*t + 120 = 5*w. Let q be (11 - -1)/(-4 + 6). Suppose q*n = 4*n + w. What are the prime factors of n?
11
Suppose -17*y = -27*y + 1840. What are the prime factors of y?
2, 23
Suppose 3*o - 22 = o. Suppose o + 9 = 5*r. What are the prime factors of 9/2 - 2/r?
2
Let f(g) = -g**3 + 6*g**2 + g - 5. Let h be f(6). What are the prime factors of ((-18)/(-12))/(h/6)?
3
Let o = 106 - 48. List the prime factors of o.
2, 29
Let b(u) = u + 8. Let v be b(-5). Suppose -n + v + 2 = 0. Let d = n - -6. List the prime factors of d.
11
Suppose 2*q - 538 = -4*h, -4*q = -3*h + h + 284. List the prime factors of h.
2, 17
Let p = -16 + 8. Let t(u) = u**3 + 8*u**2 - 2*u + 8. List the prime factors of t(p).
2, 3
Suppose 7*f - 45 = 2*f. List the prime factors of f.
3
Let n(u) = u**2 - 10*u + 6. Let d be n(7). Let f be 0 + 2/((-6)/d). Suppose -c = -f*c + 36. What are the prime factors of c?
3
Let j = 5 + -3. What are the prime factors of j/(-6) + (-111)/(-9)?
2, 3
Suppose -2*r + 70 = -0*r. What are the prime factors of (-10)/r - (-107)/7?
3, 5
Suppose -2*u = -7*u. Suppose -i + 5*i - 8 = u. What are the prime factors of 15 - i/(-4)*0?
3, 5
Let h(a) = -a**3 + 8*a**2 - a + 11. Let s be h(8). Suppose u - 4*l - l = 9, -24 = s*u + 2*l. Let y = u - -15. What are the prime factors of y?
3
Let h = -3 - -11. Let a = h - -3. What are the prime factors of a?
11
Let y(x) = -x**2 + 8*x - 2. Let z be y(7). Suppose 2*b = b - 3*t - 5, 20 = -z*t. List the prime factors of b.
7
Suppose v + 4*v + 5*k - 5 = 0, -4*v - 3*k + 6 = 0. What are the prime factors of v?
3
Suppose j + q = 6*q + 37, 10 = j + 4*q. What are the prime factors of j?
2, 11
Suppose -3*l - 72 = -6*l. What are the prime factors of (-1)/((2/(-2))/l)?
2, 3
Let q(c) = 7*c + 11. Let d(w) = -36*w - 56. Let x(g) = -3*d(g) - 16*q(g). List the prime factors of x(-10).
2
Suppose 0 = -r - 4*f + 14 - 0, -24 = -3*r - 3*f. Let i(m) = 2 + r*m + 6 + 0*m - m**2 + 2*m. List the prime factors of i(8).
2
Let s(r) = 4*r**2 + 3*r. Let x be -4 - 2 - (-4 - -1). Let a be s(x). List the prime factors of 1/2 - a/(-2).
2, 7
Let u(i) = 3*i**2 - 2*i - 2. Let d be u(-1). Suppose d*j = -0*j + 138. List the prime factors of j.
2, 23
Let v(k) = k**2 - 3*k - 3. What are the prime factors of v(8)?
37
Suppose -v + 8 = -5. List the prime factors of v.
13
Let o(d) = 2*d - 2. List the prime factors of o(3).
2
Let c be (-3)/(-3)*0*1. Suppose 4*i - 3*z - 11 = c, 0 = 3*z - 4*z - 5. Let q = 3 + i. What are 